he tens digit of 373745?
4
What is the units digit of 1409538?
8
What is the hundred thousands digit of 1088311?
0
What is the thousands digit of 11101254?
1
What is the hundred thousands digit of 272102?
2
What is the units digit of 1759030?
0
What is the ten thousands digit of 4261540?
6
What is the units digit of 3606928?
8
What is the millions digit of 1954975?
1
What is the ten thousands digit of 8050989?
5
What is the ten thousands digit of 112956?
1
What is the hundred thousands digit of 223667?
2
What is the ten thousands digit of 18997997?
9
What is the millions digit of 5907887?
5
What is the hundreds digit of 6808179?
1
What is the hundreds digit of 180421?
4
What is the thousands digit of 15657439?
7
What is the ten thousands digit of 100142?
0
What is the ten thousands digit of 11268494?
6
What is the millions digit of 1547581?
1
What is the hundreds digit of 95612?
6
What is the hundreds digit of 12628650?
6
What is the hundred thousands digit of 1496226?
4
What is the ten thousands digit of 41737?
4
What is the units digit of 300443?
3
What is the tens digit of 7226186?
8
What is the hundred thousands digit of 100857?
1
What is the ten thousands digit of 451172?
5
What is the hundreds digit of 1086077?
0
What is the hundreds digit of 233072?
0
What is the hundred thousands digit of 22186229?
1
What is the ten thousands digit of 159280?
5
What is the ten thousands digit of 168996?
6
What is the ten millions digit of 29766985?
2
What is the hundred thousands digit of 130438?
1
What is the hundreds digit of 17852001?
0
What is the thousands digit of 494000?
4
What is the ten thousands digit of 127874?
2
What is the tens digit of 1100362?
6
What is the hundred thousands digit of 4813711?
8
What is the hundreds digit of 903645?
6
What is the units digit of 11650983?
3
What is the hundreds digit of 713630?
6
What is the ten thousands digit of 7938582?
3
What is the millions digit of 1971711?
1
What is the ten thousands digit of 166546?
6
What is the hundreds digit of 3025038?
0
What is the units digit of 139764?
4
What is the units digit of 196481?
1
What is the units digit of 1013278?
8
What is the units digit of 1667430?
0
What is the thousands digit of 419374?
9
What is the thousands digit of 69237?
9
What is the hundred thousands digit of 21376445?
3
What is the units digit of 1264557?
7
What is the tens digit of 181589?
8
What is the units digit of 586991?
1
What is the hundreds digit of 710113?
1
What is the tens digit of 11068740?
4
What is the millions digit of 24677080?
4
What is the ten thousands digit of 1909954?
0
What is the units digit of 10715903?
3
What is the hundreds digit of 6460232?
2
What is the units digit of 41439570?
0
What is the thousands digit of 2622604?
2
What is the units digit of 5613911?
1
What is the ten thousands digit of 960389?
6
What is the hundreds digit of 32526354?
3
What is the units digit of 421786?
6
What is the hundreds digit of 890638?
6
What is the ten thousands digit of 1460017?
6
What is the hundred thousands digit of 298435?
2
What is the tens digit of 13966036?
3
What is the thousands digit of 2801269?
1
What is the units digit of 2121513?
3
What is the millions digit of 3086197?
3
What is the hundreds digit of 374572?
5
What is the units digit of 30031554?
4
What is the hundreds digit of 5342858?
8
What is the hundred thousands digit of 275145?
2
What is the millions digit of 8044423?
8
What is the hundreds digit of 64471?
4
What is the hundred thousands digit of 710324?
7
What is the ten thousands digit of 126671?
2
What is the thousands digit of 120080?
0
What is the hundreds digit of 6743?
7
What is the tens digit of 3005696?
9
What is the thousands digit of 2347924?
7
What is the units digit of 218380?
0
What is the tens digit of 34581397?
9
What is the hundreds digit of 55699?
6
What is the ten thousands digit of 17209?
1
What is the hundreds digit of 6603128?
1
What is the ten millions digit of 29218270?
2
What is the hundred thousands digit of 117333?
1
What is the millions digit of 1428108?
1
What is the hundreds digit of 16470643?
6
What is the hundreds digit of 353301?
3
What is the hundreds digit of 5395732?
7
What is the millions digit of 12236869?
2
What is the thousands digit of 45200?
5
What is the thousands digit of 297392?
7
What is the ten millions digit of 22845874?
2
What is the hundreds digit of 275025?
0
What is the hundred thousands digit of 157155?
1
What is the hundreds digit of 103367?
3
What is the tens digit of 442343?
4
What is the millions digit of 19175224?
9
What is the units digit of 163351?
1
What is the ten thousands digit of 12497?
1
What is the tens digit of 619919?
1
What is the units digit of 379345?
5
What is the hundred thousands digit of 1405616?
4
What is the hundred thousands digit of 10750463?
7
What is the ten millions digit of 19543117?
1
What is the tens digit of 1241159?
5
What is the thousands digit of 787820?
7
What is the thousands digit of 2087051?
7
What is the units digit of 201855?
5
What is the tens digit of 6681714?
1
What is the hundred thousands digit of 100973?
1
What is the hundreds digit of 245142?
1
What is the hundred thousands digit of 8663848?
6
What is the units digit of 614077?
7
What is the millions digit of 3366265?
3
What is the tens digit of 4124972?
7
What is the units digit of 211080?
0
What is the units digit of 7193571?
1
What is the hundred thousands digit of 28124768?
1
What is the ten thousands digit of 925540?
2
What is the units digit of 6716427?
7
What is the hundred thousands digit of 1899725?
8
What is the hundreds digit of 4135229?
2
What is the tens digit of 2614298?
9
What is the thousands digit of 5711155?
1
What is the millions digit of 11876874?
1
What is the units digit of 1176053?
3
What is the thousands digit of 2308189?
8
What is the units digit of 2886338?
8
What is the thousands digit of 4272821?
2
What is the thousands digit of 20333546?
3
What is the ten thousands digit of 21133104?
3
What is the hundreds digit of 72311?
3
What is the thousands digit of 4409379?
9
What is the hundreds digit of 9433?
4
What is the hundreds digit of 1661567?
5
What is the ten thousands digit of 423072?
2
What is the hundred thousands digit of 2586929?
5
What is the thousands digit of 199722?
9
What is the ten thousands digit of 190888?
9
What is the hundreds digit of 1053721?
7
What is the hundreds digit of 7755475?
4
What is the hundred thousands digit of 1220391?
2
What is the units digit of 1839948?
8
What is the units digit of 173817?
7
What is the hundreds digit of 138768?
7
What is the hundred thousands digit of 133872?
1
What is the units digit of 3322568?
8
What is the units digit of 14336873?
3
What is the thousands digit of 1758261?
8
What is the thousands digit of 3878025?
8
What is the thousands digit of 311178?
1
What is the hundreds digit of 261491?
4
What is the hundred thousands digit of 260567?
2
What is the millions digit of 11571986?
1
What is the millions digit of 1521430?
1
What is the units digit of 4495161?
1
What is the units digit of 318716?
6
What is the hundreds digit of 237982?
9
What is the millions digit of 1663199?
1
What is the tens digit of 14138566?
6
What is the ten thousands digit of 1407556?
0
What is the tens digit of 1814995?
9
What is the thousands digit of 1088702?
8
What is the ten thousands digit of 2373111?
7
What is the hundreds digit of 6944304?
3
What is the hundred thousands digit of 1746117?
7
What is the thousands digit of 399263?
9
What is the ten thousands digit of 154119?
5
What is the hundreds digit of 22118?
1
What is the hundred thousands digit of 583429?
5
What is the units digit of 359967?
7
What is the ten thousands digit of 30151219?
5
What is the thousands digit of 84760?
4
What is the thousands digit of 21467180?
7
What is the hundred thousands digit of 191532?
1
What is the hundreds digit of 5718296?
2
What is the thousands digit of 3255302?
5
What is the ten thousands digit of 458864?
5
What is the ten thousands digit of 7654522?
5
What is the hundreds digit of 47987?
9
What is the ten thousands digit of 304080?
0
What is the ten thousands digit of 2760449?
6
What is the millions digit of 2045988?
2
What is the thousands digit of 193896?
